t is the thousands digit of (-1003)/510*-1345 - (-1)/(-6)?
2
Let m(q) = -q**3 - 9*q**2 - 4*q - 7. Let g(c) be the first derivative of c**3/3 + 9*c**2/2 - c - 3. Let b be g(-8). What is the units digit of m(b)?
9
Let r = -29 + 34. Suppose m = 2*a + 3*a + 68, -m = r*a - 18. What is the units digit of m?
3
Let a = -39 - -42. Suppose 5*f = 5*k - 20, 0*f + a*k = f + 12. Suppose f = -4*d - 5*m + 235, 2*m + 226 = 4*d + 4*m. What is the units digit of d?
5
Let r = 2 - -1. Suppose d - r*d = p, 2*p - 18 = 5*d. What is the units digit of ((-4)/6)/(p/(-54))?
9
Let f = 642 + -307. What is the tens digit of f?
3
Let y = -43 + 31. Let w(n) = 2*n - 11. Let m(b) = 5*b - 33. Let j(x) = 6*m(x) - 17*w(x). What is the tens digit of j(y)?
3
Let w(c) = -98*c - 5. Let i(j) = -147*j - 8. Let b(t) = -5*i(t) + 8*w(t). Let y be b(1). Let v = -29 - y. What is the tens digit of v?
2
Let n be (-1)/(2 + 28/(-12)). Let h be 22/33 - 23/n. What is the units digit of (-61)/h + (-20)/(-70)?
9
Let m(p) = p**2 + 5*p - 9. Let j = 85 + -78. What is the units digit of m(j)?
5
Suppose -6 = y + 2*m, 0*y - 2*y = -4*m - 4. What is the tens digit of (-91)/(-3) - y/3?
3
Let x(j) = -j**3 - 5*j**2 + 6*j - 6. Let u be x(-6). Let y be 1/(-1) - 0 - u. Suppose 4*m = -4*b + 36, -b + m + 2 = -y. What is the units digit of b?
8
Suppose 2*l - 16 = -2*x, 5*l - 13*x + 16*x - 50 = 0. Let u(j) = -j**3 + 2*j**2 + 1. Let y be u(2). Let m = y + l. What is the tens digit of m?
1
Suppose 6 - 81 = 5*x. What is the tens digit of ((2 + -1)*-1)/(x/825)?
5
Let d(a) = -a**3 - 8*a**2 + a + 7. Let w be d(-8). Let y be 0 - ((2 - w) + -5). Suppose 0 = 2*p + y*p - 32. What is the units digit of p?
8
Let j = -159 - -167. What is the units digit of j?
8
Suppose 0 = -38*a + 36*a + 148. Suppose 0 = 3*u + 4*g - a, -u - 2*g - 2*g + 38 = 0. What is the tens digit of u?
1
Let q = -733 - -757. What is the tens digit of q?
2
Suppose 27*s - 26355 = 6*s. What is the thousands digit of s?
1
Let o(s) = s**3 + 10*s**2 + 12*s. Let y(n) be the first derivative of n**4/4 + n**3 + n**2 + 2. Let c be y(-3). What is the units digit of o(c)?
2
Suppose h = 3*h + 16. What is the units digit of (-99)/(-2) - (-4)/h?
9
Let z = 20 - 13. Suppose 0*c + 4*c = -5*q - 1, -5*q - 2*c = -z. Suppose 2*p + n + 50 = 5*p, -5*n + 20 = q*p. What is the units digit of p?
5
Let a = 2 - -3. Let j = -262 - -274. Suppose -5*l + i + j + 14 = 0, 0 = a*l - 5*i - 10. What is the units digit of l?
6
What is the hundreds digit of ((-232)/4 - -1)*(-13 - -2)?
6
What is the hundreds digit of 2 + (3 - 0)*(-3882)/(-9)?
2
Suppose 539 = 2*c - 205. Suppose -2*o = -2*k - c, -k - 922 = 2*o - 7*o. What is the tens digit of o?
8
Suppose 2*b - 7 + 1 = 0. Let n be b + (-58)/(3 - 4). Suppose n + 11 = 2*h. What is the tens digit of h?
3
Let x(i) be the first derivative of 4*i**2 - 20*i - 12. What is the tens digit of x(10)?
6
Let z(o) be the first derivative of -4*o**2 - 4*o + 6. Let d be z(-8). Let f = d - 38. What is the tens digit of f?
2
Suppose 2*o - 6 = 4. Suppose -o*t = -2 - 8. Suppose -t*f + 28 + 10 = 0. What is the tens digit of f?
1
What is the units digit of ((-1455)/35 + 6)*-7?
9
Let l(v) = -6*v - 36. Let s be l(-7). Suppose s*x = 4*x + 32. What is the tens digit of x?
1
Let c be (-9)/(-3) + (1 - -2). Suppose 2*k - 5*h + c + 5 = 0, 4*h = 4*k + 4. Suppose -k*b = -33 - 35. What is the tens digit of b?
3
Let t = -7 + 25. Suppose -t*a - 92 = -20*a. What is the units digit of a?
6
Let v = -22 + 27. Suppose 3*x + l + 3*l - 145 = 0, v*x - 3*l = 203. What is the units digit of 1 + 0 + 1 + x?
5
Suppose 24*u - 119525 = -11*u. What is the units digit of u?
5
What is the thousands digit of (-342)/72 + 6 + (-10367)/(-4)?
2
Suppose n - 800 = -2*o - 160, o - 315 = -3*n. What is the tens digit of o?
2
Suppose w = 373 + 300. What is the hundreds digit of w?
6
Let r = 19 - 26. Let c = r + 0. Let w(f) = -2*f - 4. What is the tens digit of w(c)?
1
Let r be -4 + 3 + 3 - -4. Let p be (r/5)/(2/115). What is the tens digit of 2*(0 - p/(-6))?
2
Let q(w) = 6*w - 5*w - 4 + 1. Let a be q(5). Suppose -3*u - 5*b = -25, 5*u = a*u - 4*b + 29. What is the units digit of u?
5
Let t(h) = 7 + 3*h - 2*h**2 + h**2 + 7*h. Let c(i) = -2*i - 4. Let d be c(-6). What is the units digit of t(d)?
3
What is the units digit of ((-106)/8)/((-50)/2000)?
0
Suppose 29972 - 432134 = -97*f. What is the units digit of f?
6
Let x = -278 - -503. What is the hundreds digit of x?
2
Let h(k) be the third derivative of k**5/15 + 5*k**4/4 - 13*k**3/3 + 2*k**2 + 1. What is the units digit of h(-13)?
0
Suppose -x - z + 549 = z, 0 = 5*x + z - 2781. What is the units digit of x?
7
Let o(n) = n**2 + 3*n + 4. Let f be o(-3). Let s(c) = 4*c**2 - 5*c + 11. What is the units digit of s(f)?
5
Let y = 74 + 72. What is the hundreds digit of y?
1
Let g = 467 + -170. What is the hundreds digit of g?
2
Suppose -19*w - 8*w = -15579. What is the units digit of w?
7
What is the tens digit of (33660/(-27) - -2)/((-2)/3)?
6
Suppose -11*b - 1000 + 6753 = 0. What is the tens digit of b?
2
Let d be 10/(-10) + 0/(-2). Let q be -12*(13/(-2) - d). Let s = -30 + q. What is the units digit of s?
6
Let a(i) be the second derivative of i**5/10 - 5*i**4/12 + i**3/3 - 2*i**2 + i. What is the tens digit of a(4)?
5
Suppose 13*l = -22*l + 90090. What is the units digit of l?
4
Let d(y) = -y**3 - 10*y**2 - y - 10. Let j be d(-10). Suppose j = 4*q + 4*l - 40, 2*l - l = 5. What is the units digit of q?
5
Let l(c) = -5*c - 19. Suppose 0*a + 2*a = 3*w - 35, a = -4*w - 1. What is the units digit of l(a)?
6
Suppose -1367 = -5*n - 7*z + 3*z, -3 = -z. What is the tens digit of n?
7
Let t(h) = -48*h - 25 + 11 + 12. Let m be t(-3). Suppose -d - 144 = -5*n, 5*n = 3*d - 0*d + m. What is the units digit of n?
9
Suppose x = 223 - 98. What is the hundreds digit of x?
1
Let n(v) = 56*v + 72. What is the hundreds digit of n(14)?
8
Suppose 63 + 21 = 14*a. Let o be 0/(-2 + (-1 - -1)). Suppose o*z - a*z = -18. What is the units digit of z?
3
Let x = -1090 - -1793. What is the units digit of x?
3
Let y(f) = -4*f. Let q(p) = -17*p - 7. Let b(h) = -q(h) + 2*y(h). Let s = 12 - 8. What is the tens digit of b(s)?
4
Let v = 56 - 54. Suppose -5*m + v*m + 114 = -y, 5*y = 0. What is the units digit of m?
8
Let x(a) = -a**2 + 20*a - 32. Let n be x(18). Suppose n*g = w - g - 46, 259 = 5*w + 4*g. What is the tens digit of w?
5
Let z(f) = 633*f**2 + 38*f + 15. What is the units digit of z(3)?
6
Let f(h) = -2*h**3 + 7*h**2 + 7*h - 5. Let z be f(-5). What is the tens digit of (-1)/2 + z/10?
3
Let r(v) be the second derivative of 14*v**3/3 - 3*v**2/2 - 3*v. What is the units digit of r(2)?
3
Let t(s) be the third derivative of 29*s**4/24 - s**3/2 - 8*s**2. What is the hundreds digit of t(4)?
1
Let g(j) = 10*j + 26. Let c = 29 + -13. What is the hundreds digit of g(c)?
1
Let b(a) = -10*a - 5. Let m be b(-2). Suppose 0 = 10*f - m*f + 185. What is the units digit of f?
7
Let f(c) = 65*c**2 - c - 1. Let r(p) = p**3 + 4*p**2 - 6*p - 6. Let u be r(-5). Let q be f(u). Let o = -40 + q. What is the units digit of o?
5
Let r = -52 - -383. What is the tens digit of r?
3
Let q = -6 - -16. What is the tens digit of -26*(0 + (-25)/q)?
6
Let f(x) = x**3 - 20*x**2 - 22*x + 22. Let l be f(21). Let u(r) = 11*r**3 - 2*r**2 + r. What is the units digit of u(l)?
0
Let q = -3068 - -4376. What is the tens digit of q?
0
Let z(s) = -3*s**3 + 3*s**2 - 4*s - 6. Let x be z(6). What is the units digit of 4/6 + x/(-9)?
4
Suppose -5*u - 5 = 3*d, 3*d + 3*u = 5*u - 19. What is the units digit of (0 - d) + (-36)/9?
1
Let h = 1689 - 452. What is the thousands digit of h?
1
Suppose 12*v = -14*v + 19266. What is the units digit of v?
1
Let i(h) = 42 - 5*h - 21 + 13. What is the units digit of i(-6)?
4
Let m be (16/7)/(162/(-21) + 8). What is the units digit of (-1533)/(1 - m)*(-4)/(-6)?
6
Let j be 1 - (0 + (-1 - -1)). Let d be 177/(-12) + j/(-4). What is the units digit of 20 + d/((-15)/3)?
3
Suppose 56*b = 50126 + 52354. What is the hundreds digit of b?
8
Suppose -10*r + 8*r = -64. Suppose -4*c = 5*j - 111, -3*c + r = 3*j - 34. What is the tens digit of j?
2
Let p(d) = -d**3 + 8*d**2 - 4*d + 6. What is the thousands digit of p(-8)?
1
Suppose 0 = 19*l - 17*l + 2*k - 122, -5*k = -4*l + 271. What is the tens digit of l?
6
Let n be ((-18)/(-